= a**3 + 14*a**2 - 34*a + 5. Let d be l(-16). Let x be (1 + d/(-7))/(36/(-168)). Calculate the highest common factor of 50 and x.
10
Suppose 29*s - 22*s - 91 = 0. What is the highest common divisor of s and 13?
13
Let t be 1576 + (-7)/(-7) + -1. Calculate the highest common factor of t and 8.
8
Let p = 11 + 0. Let k be 2/(-4) - (-23)/2. Calculate the greatest common divisor of k and p.
11
Let m be 31 + (-2 - -13)*1. Calculate the greatest common divisor of 36 and m.
6
Suppose 0 = 29*x - 42 - 16. Calculate the greatest common divisor of 17 and x.
1
Let x = 553 + -292. What is the greatest common factor of 145 and x?
29
Let o be (-2)/4*(-6 - 6). Suppose -i + o = -10. Let s = -32 - -64. Calculate the highest common divisor of s and i.
16
Let w(b) = 2*b**3 - 21*b**2 + 10*b + 25. Let q be w(10). Calculate the greatest common factor of q and 40.
5
Let t be (12 - 2898/253)*22*1. Calculate the greatest common divisor of 324 and t.
12
Let w(o) = o**3 + 0*o**3 - 3*o - o**2 + o. Let u be w(6). Let k(p) = p**3 - 3*p**2 + p + 4. Let m be k(4). Calculate the greatest common factor of u and m.
24
Let z = -16 - -81. Suppose 4*d + z = x + 4*x, -3*x + 7 = 4*d. Calculate the highest common divisor of 6 and x.
3
Let o = 24 + 75. Calculate the highest common factor of o and 11.
11
Let w be (-1)/4 - (-52)/16. Let a(q) = 15*q - 9. Let g be a(w). Suppose -81 = -4*x + 5*b, -6*x - b - 117 = -11*x. What is the highest common factor of x and g?
12
Let x(o) = o**2 + 5*o - 137. Let r be x(-15). What is the greatest common factor of 91 and r?
13
Suppose 3*p + 4 = 5*g, -3*g + 2*g - 4 = p. Let s = 9 + g. Let w be ((-329 + 5)/(-18))/(3/4). Calculate the greatest common factor of w and s.
8
Let b be 3*(1472/6)/(-4). Let t be b/(-18) - (-16)/(-72). Suppose -l - 3*l = -120. What is the greatest common divisor of l and t?
10
Suppose 2*d + n = -0*n + 374, 561 = 3*d - 2*n. Suppose -13 = -8*k + d. What is the greatest common factor of 175 and k?
25
Let z be (-8 + 3)/(-1)*11466/65. Calculate the highest common factor of 18 and z.
18
Let g(v) = v**3 - 5*v**2 - 4*v - 1. Let j be g(4). Let r = 62 + j. Suppose 0 = 4*p - r - 3. Calculate the greatest common divisor of 48 and p.
8
Let f be -22*(-7 + (-5 - -1)). What is the greatest common factor of f and 22?
22
Let i = 50 + -45. Let o(u) = 10*u + 10. Let s be o(i). Calculate the highest common divisor of s and 36.
12
Let z(y) = 3*y**2 + 17*y + 8. Suppose 0 = -2*g - u - 3 - 7, -u - 3 = g. Let x be z(g). Calculate the highest common factor of 24 and x.
12
Let n(u) = -u**3 + 26*u**2 - 102*u + 25. Let k be n(20). Calculate the greatest common factor of k and 231.
77
Let c = 753 + -746. Calculate the highest common divisor of 189 and c.
7
Let k be 55/4 - 1/(-4). Suppose 0 = -5*g + n + 34, 0 = 5*g + 5*n - 10. Let a be (2 + g)/(4/14). Calculate the greatest common divisor of a and k.
14
Suppose 5*l - 771 = -5*c + 674, 4*l = 5*c - 1454. What is the greatest common factor of 232 and c?
58
Suppose 15 = -5*u, t = -15*u + 20*u + 160. Calculate the greatest common divisor of 10 and t.
5
Let t be ((-1748)/(-57))/(2 + 4/(-3)). What is the highest common factor of t and 736?
46
Let i(z) = -z**2 - 11*z + 17. Suppose -3*g - 4*q = 7, -4*q = g + g - 2. Let d be i(g). Calculate the highest common divisor of 7 and d.
7
Let q(o) = o**3 + 16*o**2 - 7*o - 44. Let i be q(-16). What is the greatest common factor of i and 12?
4
Suppose 3*g - 15 = 4*h, -3*g + 6 = -h - 9. What is the greatest common factor of 7 and g?
1
Suppose -q = 3*k - 18, -5*q - 28 = -5*k - 98. Let p be (-1)/4 + 148/16. Let x = 6 + p. Calculate the highest common divisor of q and x.
15
Suppose 81 = -f + 3*n + 318, 703 = 3*f - 5*n. Calculate the greatest common divisor of 1001 and f.
77
Suppose -5*c + 64 - 24 = 0. Let b be 1*(c + (-2 - -3)). Calculate the greatest common divisor of 1 and b.
1
Let c(y) = y**2 + 15*y + 38. Let u be c(-17). What is the highest common divisor of 16 and u?
8
Suppose -5 = -3*s + 1. Suppose -2*d - s*w - 2*w = -176, -3*d - 2*w = -256. What is the greatest common factor of 24 and d?
12
Let c = 55 + -46. Let g be (33/2)/(c/66). What is the greatest common factor of g and 11?
11
Let u(r) = -r**2 - 40*r + 281. Let j be u(6). Suppose -5*w + 267 = -2*g, -5*g + 19 = -1. Calculate the greatest common divisor of j and w.
5
Let c = -21 - -52. Let x = 42 - c. Calculate the greatest common divisor of 33 and x.
11
Let f(l) = 3*l**2 - 56*l - 7. Let k be f(38). Calculate the greatest common factor of 13 and k.
13
Suppose 5*d + s + 0*s = 185, -2*s = 3*d - 111. Suppose -l + 14 = -7*n + 3*n, -d = -2*l + 5*n. What is the highest common factor of 286 and l?
26
Let c = -32 + 32. Suppose 5*w = -3*a + 2*a + 184, -4*w - 3*a + 156 = c. What is the greatest common divisor of w and 9?
9
Suppose -5727 - 621 = -69*d. What is the greatest common factor of 828 and d?
92
Let f(t) = 7*t - 177. Let c be f(27). Calculate the highest common divisor of 3 and c.
3
Let u(v) = 383*v + 1. Let f be u(1). Let a be 144/10*1*100/30. Calculate the highest common factor of f and a.
48
Suppose 0 = 4*w - 0*w. Let q be 33*(14/6 + w). Calculate the greatest common factor of 11 and q.
11
Let w be (-7440)/(-108) - (-2)/(-18)*-1. What is the highest common factor of 46 and w?
23
Let o be 25/15*3 - 203. Let c = -174 - o. What is the greatest common divisor of 60 and c?
12
Let v(j) = j**3 + 3*j**2 - 2*j - 2. Let s be v(2). Let z = 16 + -6. Suppose 0 = 5*r - z. Calculate the highest common divisor of s and r.
2
Let f(a) = -a**2 - 18*a + 28. Let u be f(-19). Let d(k) = -k + 13. Let x be d(u). Let y be (x + 0 - -27) + 3. What is the greatest common divisor of 51 and y?
17
Let v(r) = 68*r - 188. Let o be v(5). Calculate the highest common factor of o and 114.
38
Let n = 1347 + 22. Calculate the highest common divisor of n and 37.
37
Let a be (-32 + -3)/(3/3*-1). Let v be 4/(-6) - (-34)/6. Suppose -10 = v*m - 3*h - 57, -4*h = -3*m + 37. Calculate the highest common divisor of m and a.
7
Let q(n) = -5 - 9*n**2 + 43*n**2 + n**2 + 4. Suppose -3 - 5 = -4*x, 0 = -2*g + 2*x - 6. Let l be q(g). Calculate the greatest common divisor of 85 and l.
17
Suppose 3 = -j, -31*b + 2*j = -32*b + 20. What is the highest common factor of b and 208?
26
Suppose -3*p + 2*z + 6 = 0, -5*p + z - 7 = -6*p. What is the greatest common divisor of 1240 and p?
4
Let k(g) = 10*g**2 + 23*g - 5. Let o be k(-4). Calculate the highest common factor of o and 5.
1
Let n = 42 + 21. Suppose -2*q - q = -n. Calculate the greatest common factor of q and 14.
7
Let b = -5 + -17. Let u be (1*5)/(b/(-374)). Calculate the greatest common factor of 34 and u.
17
Let a(m) = -2*m**3 + 2*m**2 + 4*m + 2. Let p be a(-2). Let u(b) = -2*b + p - b + 2*b. Let h be u(9). Calculate the greatest common divisor of 1 and h.
1
Suppose -f + 3*t = -3, 0 = 4*f - 3*t + 2*t - 12. Calculate the highest common divisor of f and 24.
3
Let n be 2/(-7) + ((-4899)/(-21) - 1). Suppose 0 = 2*b - t - 59, -5*b - 4*t + 49 = -92. Calculate the highest common divisor of b and n.
29
Let z(g) = -2*g + 7. Let o be z(-6). Suppose -5*i + n = -3*n - 37, 4*n + o = 3*i. Let k be (3*-1)/((-4)/12). What is the highest common divisor of k and i?
9
Let j be (-4 - -5)/((-3)/(-155 + 2)). Let f = 153 - j. What is the highest common divisor of 6 and f?
6
Let c be (-35)/(-14) + (2/(-4) - -1). Suppose -5*d + 92 = -c. What is the highest common factor of 209 and d?
19
Suppose -4*f - 2*c = -5*c - 969, 0 = -5*f + c + 1203. What is the highest common factor of f and 144?
48
Suppose -15 = 3*v - n, -2*v + 4*n = n + 3. Let d be (-14 + 0)*6/v. Calculate the greatest common factor of d and 14.
14
Let p be (-1)/(1/(-5)) + (-428)/107. Calculate the highest common factor of 139 and p.
1
Let a(l) = 13*l + 1. Suppose -4*w + 12 = 4. Let y be a(w). Suppose -3*m = -2*m - y. Calculate the highest common divisor of m and 9.
9
Suppose 0 = 5*y - 16*y + 6105. What is the highest common factor of y and 30?
15
Suppose 3*z + f = 2*f + 371, -3*z = f - 367. Let w be (-4)/((-6)/246*2). Calculate the highest common factor of z and w.
41
Suppose 2*a - 156 = -2*a. Let c = a - 23. Calculate the highest common divisor of 64 and c.
16
Suppose 3*l = 5*c + 151, -2*c + 2 = 4*l + 52. Suppose 4*m + 75 = -5. Let f = m - c. What is the greatest common divisor of 99 and 